{"id":94,"date":"2020-09-12T14:52:03","date_gmt":"2020-09-12T18:52:03","guid":{"rendered":"http:\/\/uepsanjudastadeo.org\/?page_id=94"},"modified":"2021-09-15T20:07:09","modified_gmt":"2021-09-16T00:07:09","slug":"procesos-administrativos","status":"publish","type":"page","link":"https:\/\/uepsanjudastadeo.org\/index.php\/procesos-administrativos\/","title":{"rendered":"Procesos Administrativos"},"content":{"rendered":"\n<div class=\"wp-block-group\"><div class=\"wp-block-group__inner-container\">\n<div class=\"wp-block-columns\">\n<div class=\"wp-block-column\">\n<p class=\"has-text-align-center has-medium-font-size\"><strong>Ahora con tu dep\u00f3sito &nbsp;en las cuentas asociadas al Colegio y siguiendo unos sencillos paso podr\u00e1s realizar tus pagos a trav\u00e9s de la web<\/strong>:<\/p>\n\n\n\n<div class=\"wp-block-columns\">\n<div class=\"wp-block-column\">\n<p class=\"has-text-align-center\"><strong>Paso 1: &nbsp;&nbsp;Realiza tu transferencia<\/strong><br><br>Realiza el dep\u00f3sito correspondiente al pago de tu inscripci\u00f3n, mensualidad o cuotas mensuales pendientes. Toma nota de los n\u00fameros de cuentas autorizados por el colegio. <\/p>\n<\/div>\n\n\n\n<div class=\"wp-block-column\">\n<p class=\"has-text-align-center\"> <strong>Paso 2 Ingresa a la direccion:<\/strong><br><br> <a rel=\"noreferrer noopener\" href=\"http:\/\/www.uepsanjudastadeo.org\/procesos\/procesosaministrativos\" target=\"_blank\">www.uepsanjudastadeo.org\/procesos\/proce<\/a><a rel=\"noreferrer noopener\" href=\"http:\/\/www.uepsanjudastadeo.org\/procesos\/procesosaministrativos\" data-type=\"URL\" data-id=\"http:\/\/www.uepsanjudastadeo.org\/procesos\/procesosaministrativos\" target=\"_blank\">sos-administrativos<\/a> <br> Luego, haz clic sobre la opci\u00f3n NOTIFICACI\u00d3N DE PAGOS que se encuentra en la p\u00e1gina. <\/p>\n<\/div>\n<\/div>\n\n\n\n<div class=\"wp-block-columns\">\n<div class=\"wp-block-column\">\n<p class=\"has-text-align-center\"><strong>Paso 3: Llenado de formulario<\/strong><br><br>Completa los datos del deposito. Coloca en las casillas correspondientes los datos que se te indican y presiona el bot\u00f3n enviar<\/p>\n<\/div>\n\n\n\n<div class=\"wp-block-column\">\n<p class=\"has-text-align-center\"><strong>Paso 4: Confirmaci\u00f3n de Pago<\/strong><br><br> El formulario ser\u00e1 remitido al correo del \u00e1rea administrativa en la instituci\u00f3n y verificado por nuestro personal, se recibir\u00e1 un correo de respuesta luego de 24 horas (si es mismo banco) 48 horas &nbsp;(si es de otro banco) confirmando recepci\u00f3n de pago. <\/p>\n<\/div>\n<\/div>\n<\/div>\n<\/div>\n\n\n\n<div class=\"wp-block-columns\">\n<div class=\"wp-block-column\">\n<figure class=\"wp-block-image size-full\"><img loading=\"lazy\" width=\"490\" height=\"174\" src=\"http:\/\/uepsanjudastadeo.org\/wp-content\/uploads\/2020\/09\/images_litt_4-01-01.png\" alt=\"adm\" class=\"wp-image-230\" srcset=\"https:\/\/uepsanjudastadeo.org\/wp-content\/uploads\/2020\/09\/images_litt_4-01-01.png 490w, https:\/\/uepsanjudastadeo.org\/wp-content\/uploads\/2020\/09\/images_litt_4-01-01-300x107.png 300w\" sizes=\"(max-width: 490px) 100vw, 490px\" \/><\/figure>\n<\/div>\n\n\n\n<div class=\"wp-block-column\">\n<p><\/p>\n\n\n\n<p class=\"has-text-align-left has-large-font-size\"><a rel=\"noreferrer noopener\" href=\"https:\/\/docs.google.com\/forms\/d\/e\/1FAIpQLSdVnmtODaAu1sj-AxYWrjazmJThGGvtsA8_b5Rdq1VgrWX2Gw\/viewform?usp=pp_url&amp;entry.667547495=Educaci%C3%B3n+Inicial&amp;entry.261431891=BOD&amp;entry.47400599=Pre-Inscripci%C3%B3n&amp;entry.1059840754=1200000\" data-type=\"URL\" data-id=\"https:\/\/docs.google.com\/forms\/d\/e\/1FAIpQLSdVnmtODaAu1sj-AxYWrjazmJThGGvtsA8_b5Rdq1VgrWX2Gw\/viewform?usp=pp_url&amp;entry.667547495=Educaci%C3%B3n+Inicial&amp;entry.261431891=BOD&amp;entry.47400599=Pre-Inscripci%C3%B3n&amp;entry.1059840754=1200000\" target=\"_blank\">Notificar Pago<\/a> <a rel=\"noreferrer noopener\" href=\"https:\/\/docs.google.com\/forms\/d\/e\/1FAIpQLSdVnmtODaAu1sj-AxYWrjazmJThGGvtsA8_b5Rdq1VgrWX2Gw\/viewform?usp=pp_url&amp;entry.667547495=Educaci%C3%B3n+Inicial&amp;entry.261431891=BOD&amp;entry.47400599=Pre-Inscripci%C3%B3n&amp;entry.1059840754=1200000\" data-type=\"URL\" data-id=\"https:\/\/docs.google.com\/forms\/d\/e\/1FAIpQLSdVnmtODaAu1sj-AxYWrjazmJThGGvtsA8_b5Rdq1VgrWX2Gw\/viewform?usp=pp_url&amp;entry.667547495=Educaci%C3%B3n+Inicial&amp;entry.261431891=BOD&amp;entry.47400599=Pre-Inscripci%C3%B3n&amp;entry.1059840754=1200000\" target=\"_blank\"><\/a><\/p>\n<\/div>\n<\/div>\n\n\n\n<h2><strong>Informaci\u00f3n de Cuentas<\/strong><\/h2>\n\n\n\n<div class=\"wp-block-columns\">\n<div class=\"wp-block-column\">\n<figure class=\"wp-block-table is-style-stripes\"><table><tbody><tr><td><a href=\"https:\/\/www.provincial.com\/\" data-type=\"URL\" data-id=\"https:\/\/www.provincial.com\/\" target=\"_blank\" rel=\"noreferrer noopener\"><img loading=\"lazy\" width=\"48\" height=\"48\" class=\"wp-image-178\" style=\"width: 48px;\" src=\"http:\/\/uepsanjudastadeo.org\/wp-content\/uploads\/2020\/09\/ico-bbva.gif\" alt=\"\"><\/a><\/td><td>Banco Provincial. Cta. Cte. 0108-0047-1101-0030-0377<br>a nombre de: ELEAZAR RUBIO C.I V.- 4.660.474<\/td><td><\/td><\/tr><tr><td><a href=\"https:\/\/www.provincial.com\/\" data-type=\"URL\" data-id=\"https:\/\/www.provincial.com\/\" target=\"_blank\" rel=\"noreferrer noopener\"><img loading=\"lazy\" width=\"48\" height=\"48\" class=\"wp-image-178\" style=\"width: 48px;\" src=\"http:\/\/uepsanjudastadeo.org\/wp-content\/uploads\/2020\/09\/ico-bbva.gif\" alt=\"\"><\/a><\/td><td>Banco Provincial. Cta. Cte. 0108-0306-3201-0000-0575<br>a nombre de: I. PM SAN JUDAS TADEO Rif: J: 070290250<\/td><td><\/td><\/tr><tr><td><img loading=\"lazy\" width=\"48\" height=\"48\" class=\"wp-image-180\" style=\"width: 48px;\" src=\"http:\/\/uepsanjudastadeo.org\/wp-content\/uploads\/2020\/09\/ico-mercantil.jpg\" alt=\"\"><\/td><td>Banco Mercantil Cta. Cte. 0105-0617-4116-1701-6179<br>a nombre de: ELEAZAR RUBIO C.I V.- 4.660.474<\/td><td><\/td><\/tr><tr><td> <img loading=\"lazy\" width=\"140\" height=\"34\" class=\"wp-image-192\" style=\"width: 140px;\" src=\"http:\/\/uepsanjudastadeo.org\/wp-content\/uploads\/2020\/09\/logo.png\" alt=\"\"> <\/td><td>BANESCO Cta. Cte. 0134-0080-6408-0300-0166<br>a nombre de: UE SAN JUDAS TADEO Rif: J: 070290250<\/td><td><\/td><\/tr><tr><td><img src=\"http:\/\/uepsanjudastadeo.org\/wp-content\/uploads\/2020\/09\/Zelle_logo_wine.png\" alt=\"\" style=\"width: 140px;\"><img src=\"http:\/\/uepsanjudastadeo.org\/wp-content\/uploads\/2020\/09\/bofa_log_.png\" alt=\"\" style=\"width: 120px;\"><\/td><td>e-mail: virginialeal2811@gmail.com<\/td><td><\/td><\/tr><tr><td><\/td><td><\/td><td><\/td><\/tr><\/tbody><\/table><figcaption>* Verifique la tasa del d\u00eda &gt;&gt; <a rel=\"noreferrer noopener\" href=\"http:\/\/www.bcv.org.ve\/\" target=\"_blank\">Haga clic aqu\u00ed<\/a> &lt;&lt;<br><br>* Evite realizar sus pagos en d\u00edas domingo y feriados.<br><br>* En el caso de cancelar con $ en efectivo, favor dirigirse a la instituci\u00f3n en horario de 8:00 am a 11:00 am.<\/figcaption><\/figure>\n<\/div>\n<\/div>\n<\/div><\/div>\n\n\n\n<p><\/p>\n","protected":false},"excerpt":{"rendered":"<p>Ahora con tu dep\u00f3sito &nbsp;en las cuentas asociadas al Colegio y siguiendo unos sencillos paso podr\u00e1s realizar tus pagos a trav\u00e9s de la web: Paso 1: &nbsp;&nbsp;Realiza tu transferencia Realiza &hellip;<\/p>\n<p class=\"read-more\"> <a class=\"\" href=\"https:\/\/uepsanjudastadeo.org\/index.php\/procesos-administrativos\/\"> <span class=\"screen-reader-text\">Procesos Administrativos<\/span> Leer m\u00e1s &raquo;<\/a><\/p>\n","protected":false},"author":1,"featured_media":0,"parent":0,"menu_order":0,"comment_status":"closed","ping_status":"closed","template":"","meta":{"_EventAllDay":false,"_EventTimezone":"","_EventStartDate":"","_EventEndDate":"","_EventStartDateUTC":"","_EventEndDateUTC":"","_EventShowMap":false,"_EventShowMapLink":false,"_EventURL":"","_EventCost":"","_EventCostDescription":"","_EventCurrencySymbol":"","_EventCurrencyPosition":"","_EventDateTimeSeparator":"","_EventTimeRangeSeparator":"","_EventOrganizerID":[],"_EventVenueID":0,"_OrganizerEmail":"","_OrganizerPhone":"","_OrganizerWebsite":"","_VenueAddress":"","_VenueCity":"","_VenueCountry":"","_VenueProvince":"","_VenueZip":"","_VenuePhone":"","_VenueURL":"","_VenueStateProvince":"","_VenueLat":"","_VenueLng":""},"_links":{"self":[{"href":"https:\/\/uepsanjudastadeo.org\/index.php\/wp-json\/wp\/v2\/pages\/94"}],"collection":[{"href":"https:\/\/uepsanjudastadeo.org\/index.php\/wp-json\/wp\/v2\/pages"}],"about":[{"href":"https:\/\/uepsanjudastadeo.org\/index.php\/wp-json\/wp\/v2\/types\/page"}],"author":[{"embeddable":true,"href":"https:\/\/uepsanjudastadeo.org\/index.php\/wp-json\/wp\/v2\/users\/1"}],"replies":[{"embeddable":true,"href":"https:\/\/uepsanjudastadeo.org\/index.php\/wp-json\/wp\/v2\/comments?post=94"}],"version-history":[{"count":41,"href":"https:\/\/uepsanjudastadeo.org\/index.php\/wp-json\/wp\/v2\/pages\/94\/revisions"}],"predecessor-version":[{"id":1158,"href":"https:\/\/uepsanjudastadeo.org\/index.php\/wp-json\/wp\/v2\/pages\/94\/revisions\/1158"}],"wp:attachment":[{"href":"https:\/\/uepsanjudastadeo.org\/index.php\/wp-json\/wp\/v2\/media?parent=94"}],"curies":[{"name":"wp","href":"https:\/\/api.w.org\/{rel}","templated":true}]}}