{"id":2,"date":"2020-09-01T16:55:29","date_gmt":"2020-09-01T16:55:29","guid":{"rendered":"http:\/\/uepsanjudastadeo.org\/?page_id=2"},"modified":"2022-04-27T18:44:19","modified_gmt":"2022-04-27T22:44:19","slug":"inicio","status":"publish","type":"page","link":"https:\/\/uepsanjudastadeo.org\/","title":{"rendered":"Bienvenidos"},"content":{"rendered":"\n<div class=\"wp-block-group\"><div class=\"wp-block-group__inner-container\"><style>\r\n\t#futionslider_627 a.rslides_nav:hover{\r\n\t\tcolor: #31a3dd;\r\n\t}\r\n\t#futionslider_627 .rslides_tabs{\r\n\t\tbackground: #333;\r\n\t}\r\n\t\r\n\t#futionslider_627 .rslides .caption{\r\n\t\tfont-family: 'Georgia';\r\n\t\ttext-align: left;\r\n\t\tfont-size: 18px;\r\n\t\tcolor: #ffffff;\r\n\t\tline-height: 20px;\r\n\t\tbackground: #000000;\r\n\t\topacity: 0.8;\r\n\t}\r\n\t\r\n\t#futionslider_627 .rp-title{\r\n\t\tbackground: #ec0b0b;\r\n\t\topacity: 0.8;\r\n\t\tfont-family: 'Georgia';\r\n\t\tfont-size: 26px;\r\n\t\tcolor: #ffffff;\r\n\t\tline-height: 26px;\r\n\t\ttop: 45%;\r\n\t\tmargin-left: 35%;\r\n\t}\r\n\t\r\n\t#futionslider_627 .rp-description{\r\n\t\tbackground: #000000;\r\n\t\topacity: 0.8;\r\n\t\tfont-family: 'Georgia';\r\n\t\tfont-size: 18px;\r\n\t\tcolor: #ffffff;\r\n\t\tline-height: 20px;\r\n\t\ttop: 52%;\r\n\t\tmargin-left: 35%;\r\n\t}\r\n\t\r\n\t\t\t#slider_627{\r\n\t\t\ttext-align:center;\r\n\t\t}\r\n\t\t\t#slider_627{\r\n\t\t\tmargin-bottom: 10px;\r\n\t\t}\r\n\t<\/style>\r\n<div id=\"slider_627\" class=\"fslider_mb\"><div class=\"fusionslider\" id=\"futionslider_627\" style=\"width:1280px; max-height:580px; display: inline-block;\"><ul class=\"rslides\" id=\"rslides_627\"><li><img src=\"http:\/\/uepsanjudastadeo.org\/wp-content\/uploads\/2021\/04\/dispaly-4-01-01.png\" alt=\"\" style=\"height:580px\" ><\/li><\/ul><\/div><\/div><script>\r\n\tjQuery(window).load(function(){\r\n      jQuery(\"#rslides_627\").responsiveSlides({\r\n\t\tauto: true,           \/\/ Boolean: Animate automatically, true or false\r\n\t\tspeed: 500,   \/\/ Integer: Speed of the transition, in milliseconds\r\n\t\ttimeout: 4000,          \/\/ Integer: Time between slide transitions, in milliseconds\r\n\t\tpager: true,       \/\/ Boolean: Show pager, true or false\r\n\t\tnav: true,             \/\/ Boolean: Show navigation, true or false\r\n\t\trandom: false,         \/\/ Boolean: Randomize the order of the slides, true or false\r\n\t\tpause: false,      \/\/ Boolean: Pause on hover, true or false\r\n\t\tpauseControls: true,    \/\/ Boolean: Pause when hovering controls, true or false\r\n\t\tprevText: \"Ant\",   \/\/ String: Text for the \"previous\" button\r\n\t\tnextText: \"Sig\",       \/\/ String: Text for the \"next\" button\r\n\t\tnavContainer: \"\",       \/\/ Selector: Where controls should be appended to, default is after the 'ul'\r\n\t\tmanualControls: \"\",     \/\/ Selector: Declare custom pager navigation\r\n\t\tnamespace: \"rslides\",   \/\/ String: Change the default namespace used\r\n      });\r\n    });\r\n<\/script>\n\n\n\n<div style=\"height:18px\" aria-hidden=\"true\" class=\"wp-block-spacer\"><\/div>\n\n\n\n<h1 class=\"has-text-align-center\"><strong>III MOMENTO PEDAG\u00d3GICO<\/strong><\/h1>\n\n\n\n<p>La ense\u00f1anza en remoto transform\u00f3 la educaci\u00f3n de la forma jam\u00e1s pensada,&nbsp; nadie imagino que esta modalidad se convirtiera en el eje de la educaci\u00f3n y del trabajo en todo el mundo, por la manera tan din\u00e1mica y apresurada como ocurri\u00f3. Surgi\u00f3 como respuesta a una emergencia, cambi\u00f3 por completo los espacios de trabajo y los escenarios educativos que conoc\u00edamos. Todo esto nos ha llevado a repensar y reflexionar acerca de las lecciones aprendidas con la ense\u00f1anza en remoto.<\/p>\n\n\n\n<p>Sin duda esta experiencia, permite que las futuras generaciones est\u00e9n mejor preparadas, los docentes y alumnos asumieron un reto mayor, al enfrentarse a un espacio en donde el proceso de ense\u00f1anza\/aprendizaje evidencia las desventajas sociales y econ\u00f3micas de algunos sectores en la sociedad. Pese a los obst\u00e1culos que la sociedad ha tenido que enfrentar, se debe reconocer que los alcances de la tecnolog\u00eda han logrado que las metodolog\u00edas de trabajo contin\u00faen su curso, a\u00fan con ciertas limitaciones.<\/p>\n\n\n\n<p>La ense\u00f1anza en remoto oblig\u00f3 a los docentes y a los estudiantes a aprender a utilizar plataformas educativas, implementar las reuniones virtuales y transformar los temas acad\u00e9micos en contenidos digitales accesibles en todo momento. El aprendizaje combinado ha logrado una ense\u00f1anza con mayor riqueza did\u00e1ctica.&nbsp; En cierta medida, es m\u00e1s personalizada y flexible, se ajusta a las necesidades y espacios de tiempo de los alumnos.<\/p>\n\n\n\n<p>Esta oportunidad impensada, induce a reflexionar sobre cu\u00e1n preparados estamos y qu\u00e9 aspectos debemos mejorar. Todav\u00eda falta mucho por recorrer, el aprendizaje es continuo y muchas cosas son inciertas. Sin embargo, independientemente del espacio en que se imparta la ense\u00f1anza, el docente debe tener como prioridad proveer una ense\u00f1anza din\u00e1mica y eficaz. Esto se puede lograr estableciendo, previamente, cu\u00e1les son los objetivos de aprendizaje; as\u00ed como tambi\u00e9n cu\u00e1les son los contenidos did\u00e1cticos y qu\u00e9 estrategias se utilizar\u00e1n para lograr el aprendizaje de los estudiantes. De esta manera, no se pierde la esencia de la calidad de ense\u00f1anza ante la nueva modalidad virtual.<\/p>\n\n\n\n<p>Es por ello que en nuestra instituci\u00f3n seguimos trabajando por y para ustedes, iniciamos un III momento pedag\u00f3gico optimistas, llenos de retos por un proyecto por culminar y con la certeza de haber creado un nuevo modelo de aprendizaje adaptado a las competencias del siglo XXI. La formaci\u00f3n de talentos 4.0 mostrar\u00e1 sus frutos con la culminaci\u00f3n de este a\u00f1o escolar de olimpiadas, pero permanecer\u00e1 vinculada en los actores que hacen un d\u00eda a d\u00eda dentro de nuestro proyecto educativo. SOMOS SAN JUDAS TADEO, CADA D\u00cdA MEJOR, MEJOR Y MEJOR.<\/p>\n\n\n\n<h6 class=\"has-text-align-center\">SomosSanJudasTadeo #ExcelenciaAcad\u00e9mica #SomosTecnolog\u00eda #FamiliaTadeista #VamosPorM\u00e1s #AlianzasImportantes<\/h6>\n\n\n\n<p class=\"has-text-align-center has-medium-font-size\"><\/p>\n\n\n\n<div class=\"wp-block-columns\">\n<div class=\"wp-block-column\">\n<div class=\"wp-block-image\"><figure class=\"aligncenter size-full\"><img loading=\"lazy\" width=\"161\" height=\"158\" src=\"http:\/\/uepsanjudastadeo.org\/wp-content\/uploads\/2021\/09\/image_insc__Mesa-de-trabajo-1-1.png\" alt=\"inscripcion\" class=\"wp-image-927\"\/><\/figure><\/div>\n\n\n\n<h2 class=\"has-text-align-center\">Proceso de Inscripci\u00f3n<\/h2>\n\n\n\n<p class=\"has-text-align-center\"><\/p>\n\n\n\n<div class=\"wp-block-buttons is-content-justification-center\">\n<div class=\"wp-block-button\"><a class=\"wp-block-button__link\" href=\"https:\/\/docs.google.com\/forms\/d\/1rAxGvljrVc0hDALtxFi4UMk9LgNu2KoPRsvK9BGP5EM\/edit?usp=sharing\" target=\"_blank\" rel=\"noreferrer noopener\">Acceder<\/a><\/div>\n<\/div>\n<\/div>\n\n\n\n<div class=\"wp-block-column\">\n<div class=\"wp-block-image\"><figure class=\"aligncenter size-full\"><img loading=\"lazy\" width=\"161\" height=\"158\" src=\"http:\/\/uepsanjudastadeo.org\/wp-content\/uploads\/2021\/09\/image_pago__Mesa-de-trabajo-1.png\" alt=\"pagos\" class=\"wp-image-929\"\/><\/figure><\/div>\n\n\n\n<h2 class=\"has-text-align-center\">Proceso Administrativo<\/h2>\n\n\n\n<p class=\"has-text-align-center\"><\/p>\n\n\n\n<div class=\"wp-block-buttons is-content-justification-center\">\n<div class=\"wp-block-button\"><a class=\"wp-block-button__link\" href=\"https:\/\/docs.google.com\/forms\/d\/e\/1FAIpQLSdVnmtODaAu1sj-AxYWrjazmJThGGvtsA8_b5Rdq1VgrWX2Gw\/viewform?usp=pp_url&amp;entry.667547495=Educaci%C3%B3n+Inicial&amp;entry.261431891=BOD&amp;entry.47400599=Pre-Inscripci%C3%B3n&amp;entry.1059840754=1200000\" target=\"_blank\" rel=\"noreferrer noopener\">Acceder<\/a><\/div>\n<\/div>\n<\/div>\n\n\n\n<div class=\"wp-block-column\">\n<div class=\"wp-block-image\"><figure class=\"aligncenter size-full\"><img loading=\"lazy\" width=\"161\" height=\"158\" src=\"http:\/\/uepsanjudastadeo.org\/wp-content\/uploads\/2021\/09\/image_aula__Mesa-de-trabajo-1.png\" alt=\"\" class=\"wp-image-930\"\/><\/figure><\/div>\n\n\n\n<h2 class=\"has-text-align-center\">Aulas Virtuales<\/h2>\n\n\n\n<p class=\"has-text-align-center\"><\/p>\n\n\n\n<div class=\"wp-block-buttons is-content-justification-center\">\n<div class=\"wp-block-button\"><a class=\"wp-block-button__link\" href=\"#\">Acceder<\/a><\/div>\n<\/div>\n<\/div>\n<\/div>\n\n\n\n<div style=\"height:29px\" aria-hidden=\"true\" class=\"wp-block-spacer\"><\/div>\n\n\n\n<h3 class=\"has-text-align-center\"><strong>Listas Escolares 2021-2022<\/strong><\/h3>\n\n\n\n<div class=\"wp-block-columns\">\n<div class=\"wp-block-column\">\n<div class=\"wp-block-image\"><figure class=\"aligncenter size-full\"><img loading=\"lazy\" width=\"161\" height=\"158\" src=\"https:\/\/uepsanjudastadeo.org\/wp-content\/uploads\/2021\/09\/image_listas_11_Mesa-de-trabajo-1.png\" alt=\"\" class=\"wp-image-1118\"\/><\/figure><\/div>\n\n\n\n<h2 class=\"has-text-align-center\">Educaci\u00f3n Inicial<\/h2>\n\n\n\n<p class=\"has-text-align-center\"><\/p>\n\n\n\n<div class=\"wp-block-buttons alignwide is-content-justification-center\">\n<div class=\"wp-block-button\"><a class=\"wp-block-button__link\" href=\"https:\/\/drive.google.com\/file\/d\/1t1tEGkFr1a-wm5Hi-xwU345B8VLzw6g4\/view?usp=sharing\" target=\"_blank\" rel=\"noreferrer noopener\">Sala de 2<\/a><\/div>\n\n\n\n<div class=\"wp-block-button\"><a class=\"wp-block-button__link\" href=\"https:\/\/drive.google.com\/file\/d\/1qmmdJvt2-9Qhpw4tjW2OrHeV2BTqEwsm\/view?usp=sharing\" target=\"_blank\" rel=\"noreferrer noopener\">Sala de 3<\/a><\/div>\n\n\n\n<div class=\"wp-block-button\"><a class=\"wp-block-button__link\" href=\"https:\/\/drive.google.com\/file\/d\/1Sl1GxcI070DZn75mCL_iB5IAFdlw3nm3\/view?usp=sharing\" target=\"_blank\" rel=\"noreferrer noopener\">Sala de 4<\/a><\/div>\n\n\n\n<div class=\"wp-block-button\"><a class=\"wp-block-button__link\" href=\"https:\/\/drive.google.com\/file\/d\/11Vpw8WDhlHAx46dR7CsvuRLD7HzcNOjc\/view?usp=sharing\" target=\"_blank\" rel=\"noreferrer noopener\">Sala de 5<\/a><\/div>\n<\/div>\n<\/div>\n\n\n\n<div class=\"wp-block-column\">\n<div class=\"wp-block-image\"><figure class=\"aligncenter size-full\"><img loading=\"lazy\" width=\"161\" height=\"158\" src=\"https:\/\/uepsanjudastadeo.org\/wp-content\/uploads\/2021\/09\/image_listas_1_Mesa-de-trabajo-1.png\" alt=\"\" class=\"wp-image-1119\"\/><\/figure><\/div>\n\n\n\n<h2 class=\"has-text-align-center\">Educaci\u00f3n Primaria<\/h2>\n\n\n\n<p class=\"has-text-align-center\"><\/p>\n\n\n\n<div class=\"wp-block-buttons is-content-justification-center\">\n<div class=\"wp-block-button\"><a class=\"wp-block-button__link\" href=\"https:\/\/drive.google.com\/file\/d\/1G0DR17vo-DNnd67CaCgtAp8WKePTiQFG\/view?usp=sharing\" target=\"_blank\" rel=\"noreferrer noopener\">1er Grado<\/a><\/div>\n\n\n\n<div class=\"wp-block-button\"><a class=\"wp-block-button__link\" href=\"https:\/\/drive.google.com\/file\/d\/171dTkpEOhMQV_rSsYskGallQN-FKqYXp\/view?usp=sharing\" target=\"_blank\" rel=\"noreferrer noopener\">2do Grado<\/a><\/div>\n\n\n\n<div class=\"wp-block-button\"><a class=\"wp-block-button__link\" href=\"https:\/\/drive.google.com\/file\/d\/1FRtc2jnqaepGDyF5-C1bxt_8BDOTU93v\/view?usp=sharing\" target=\"_blank\" rel=\"noreferrer noopener\">3er Grado<\/a><\/div>\n\n\n\n<div class=\"wp-block-button\"><a class=\"wp-block-button__link\" href=\"https:\/\/drive.google.com\/file\/d\/1m3e8SiJMX2UBf8Fcb_yeMLGidmWA2Fs2\/view?usp=sharing\" target=\"_blank\" rel=\"noreferrer noopener\">4to Grado<\/a><\/div>\n\n\n\n<div class=\"wp-block-button\"><a class=\"wp-block-button__link\" href=\"https:\/\/drive.google.com\/file\/d\/1xnFQXhKOhYNmBv3lZmx7uuyhd_VYQM5U\/view?usp=sharing\" target=\"_blank\" rel=\"noreferrer noopener\">5to Grado<\/a><\/div>\n\n\n\n<div class=\"wp-block-button\"><a class=\"wp-block-button__link\" href=\"https:\/\/drive.google.com\/file\/d\/1_ezD_TG8otEfjPjCg_h--OBYHmQ12Rwk\/view?usp=sharing\" target=\"_blank\" rel=\"noreferrer noopener\">6to Grado<\/a><\/div>\n<\/div>\n<\/div>\n\n\n\n<div class=\"wp-block-column\">\n<div class=\"wp-block-image\"><figure class=\"aligncenter size-full\"><img loading=\"lazy\" width=\"161\" height=\"158\" src=\"https:\/\/uepsanjudastadeo.org\/wp-content\/uploads\/2021\/09\/image_listas_3_Mesa-de-trabajo-1.png\" alt=\"\" class=\"wp-image-1121\"\/><\/figure><\/div>\n\n\n\n<h2 class=\"has-text-align-center\">Educaci\u00f3n Media General<\/h2>\n\n\n\n<p class=\"has-text-align-center\"><\/p>\n\n\n\n<div class=\"wp-block-buttons is-content-justification-center\">\n<div class=\"wp-block-button\"><a class=\"wp-block-button__link\" href=\"https:\/\/drive.google.com\/file\/d\/1jo16KpIKNsEKgHUAPaCywLBTRWBGuTd9\/view?usp=sharing\" target=\"_blank\" rel=\"noreferrer noopener\">1er A\u00f1o<\/a><\/div>\n\n\n\n<div class=\"wp-block-button\"><a class=\"wp-block-button__link\" href=\"https:\/\/drive.google.com\/file\/d\/1SGzFAk9OielIfF_iV0-rMBqtKkdb95OO\/view?usp=sharing\" target=\"_blank\" rel=\"noreferrer noopener\">2do A\u00f1o<\/a><\/div>\n\n\n\n<div class=\"wp-block-button\"><a class=\"wp-block-button__link\" href=\"https:\/\/drive.google.com\/file\/d\/1ESoEaODXXPM95UZI9Wxu4qbdGhd0gZzL\/view?usp=sharing\" target=\"_blank\" rel=\"noreferrer noopener\">3er A\u00f1o<\/a><\/div>\n\n\n\n<div class=\"wp-block-button\"><a class=\"wp-block-button__link\" href=\"https:\/\/drive.google.com\/file\/d\/14ypo2ovND7uRf-PMrdF4j2KYZGOiSJGf\/view?usp=sharing\" target=\"_blank\" rel=\"noreferrer noopener\">4to A\u00f1o<\/a><\/div>\n\n\n\n<div class=\"wp-block-button\"><a class=\"wp-block-button__link\" href=\"https:\/\/drive.google.com\/file\/d\/14SF5xfSMTH0DfJR6mHUj1h5KjFqnBVPZ\/view?usp=sharing\" target=\"_blank\" rel=\"noreferrer noopener\">5to A\u00f1o<\/a><\/div>\n<\/div>\n<\/div>\n<\/div>\n<\/div><\/div>\n\n\n\n<p>&nbsp;<\/p>\n","protected":false},"excerpt":{"rendered":"<p>III MOMENTO PEDAG\u00d3GICO La ense\u00f1anza en remoto transform\u00f3 la educaci\u00f3n de la forma jam\u00e1s pensada,&nbsp; nadie imagino que esta modalidad se convirtiera en el eje de la educaci\u00f3n y del &hellip;<\/p>\n<p class=\"read-more\"> <a class=\"\" href=\"https:\/\/uepsanjudastadeo.org\/\"> <span class=\"screen-reader-text\">Bienvenidos<\/span> Leer m\u00e1s &raquo;<\/a><\/p>\n","protected":false},"author":1,"featured_media":0,"parent":0,"menu_order":0,"comment_status":"closed","ping_status":"closed","template":"","meta":{"_EventAllDay":false,"_EventTimezone":"","_EventStartDate":"","_EventEndDate":"","_EventStartDateUTC":"","_EventEndDateUTC":"","_EventShowMap":false,"_EventShowMapLink":false,"_EventURL":"","_EventCost":"","_EventCostDescription":"","_EventCurrencySymbol":"","_EventCurrencyPosition":"","_EventDateTimeSeparator":"","_EventTimeRangeSeparator":"","_EventOrganizerID":[],"_EventVenueID":0,"_OrganizerEmail":"","_OrganizerPhone":"","_OrganizerWebsite":"","_VenueAddress":"","_VenueCity":"","_VenueCountry":"","_VenueProvince":"","_VenueZip":"","_VenuePhone":"","_VenueURL":"","_VenueStateProvince":"","_VenueLat":"","_VenueLng":""},"_links":{"self":[{"href":"https:\/\/uepsanjudastadeo.org\/index.php\/wp-json\/wp\/v2\/pages\/2"}],"collection":[{"href":"https:\/\/uepsanjudastadeo.org\/index.php\/wp-json\/wp\/v2\/pages"}],"about":[{"href":"https:\/\/uepsanjudastadeo.org\/index.php\/wp-json\/wp\/v2\/types\/page"}],"author":[{"embeddable":true,"href":"https:\/\/uepsanjudastadeo.org\/index.php\/wp-json\/wp\/v2\/users\/1"}],"replies":[{"embeddable":true,"href":"https:\/\/uepsanjudastadeo.org\/index.php\/wp-json\/wp\/v2\/comments?post=2"}],"version-history":[{"count":195,"href":"https:\/\/uepsanjudastadeo.org\/index.php\/wp-json\/wp\/v2\/pages\/2\/revisions"}],"predecessor-version":[{"id":1198,"href":"https:\/\/uepsanjudastadeo.org\/index.php\/wp-json\/wp\/v2\/pages\/2\/revisions\/1198"}],"wp:attachment":[{"href":"https:\/\/uepsanjudastadeo.org\/index.php\/wp-json\/wp\/v2\/media?parent=2"}],"curies":[{"name":"wp","href":"https:\/\/api.w.org\/{rel}","templated":true}]}}